ghest common factor of 108 and h?
27
Let s be 8/(-20) + 2704/10. Suppose 0 = -q - 2*q + s. What is the highest common divisor of 36 and q?
18
Suppose 0 = -8*h + 310 - 70. What is the highest common divisor of h and 15?
15
Let j be ((-11)/3)/(2/(-18)). Let n be ((-1056)/(-64))/((-3)/(-18)). What is the greatest common factor of n and j?
33
Suppose 0*c = -4*u + 3*c + 20, -2 = u + c. Suppose -3*j = u*j + l - 72, 2 = l. What is the highest common divisor of j and 42?
14
Let b be 0*(2 - 6/2). Suppose b*q = q - 8. Calculate the highest common divisor of 20 and q.
4
Let i(s) = -7*s + 44. Let r(z) = -36*z + 220. Let o(y) = -16*i(y) + 3*r(y). Let m be o(14). What is the greatest common divisor of 36 and m?
12
Suppose 6 = 4*s - 2. Suppose -s*w = 3*w - 1275. Suppose 3*r = -3*h + 165, -5*r + w = -h + 2*h. Calculate the highest common factor of r and 75.
25
Suppose 0 = -2*t - s + 8, t + 2*s - 7 = -0*s. Suppose 10 = 2*q - t*q. Let w be 2*5*(-24)/q. What is the greatest common factor of w and 36?
12
Let c = -25 - 2. Let f be 3*6/c*-3. Suppose -5*t + 51 = k, -f*t + 25 = 3*k + 2*k. What is the greatest common divisor of t and 80?
10
Let u = 50 - 1. Suppose -2*p + 31 = -u. Suppose -t + p = 3*t. Calculate the highest common factor of 30 and t.
10
Let w(r) = -12*r**2 + 4. Let v be w(-3). Let t be 16/12 - v/3. What is the highest common divisor of 4 and t?
4
Let h(v) = -2*v + 6. Let k be h(5). Let j = k - -39. Let o be (63/27)/(3/9). What is the highest common divisor of j and o?
7
Suppose -z - 3*g + 13 = -5*g, -4*g = z + 5. Suppose z = s - 6. Suppose 35 = 2*y - 4*a + 13, -3*y + a + s = 0. Calculate the greatest common divisor of 3 and y.
3
Let n(q) = q**3 - 6*q**2 - 3*q + 3. Let u be n(6). Let z be (u/5 + (0 - 1))*-5. What is the highest common divisor of z and 10?
10
Let x(q) = -8*q**2 - 28*q + 11*q + 7*q**2 - 5 + 26. Let c be x(-18). What is the highest common factor of 33 and c?
3
Let v(u) = 2*u**3 + 26*u**2 + 3*u - 2. Let h be v(-6). What is the greatest common factor of h and 220?
44
Suppose -2*r = -4*x - 98, 0*r + 4*r + 5*x = 235. Let h be (22/5)/(2/10). Calculate the greatest common divisor of r and h.
11
Suppose -a - 9 = -5*m + 4, 4*a = -2*m - 8. Let g be (-9)/m*6*-1. Calculate the highest common divisor of 18 and g.
9
Suppose 5*f = -2*z + 160, 0*f + 3*f - 12 = 0. Let u(k) = -k**3 - 28*k**2 - 33*k - 152. Let q be u(-27). What is the greatest common factor of q and z?
10
Let t = -387 + 562. What is the greatest common factor of t and 70?
35
Let j = -374 + 398. What is the highest common factor of 96 and j?
24
Let d = 21 + -5. Suppose -14*k - 380 = -18*k. Let x = 207 - k. What is the highest common factor of d and x?
16
Let z = 454 - 47. What is the greatest common factor of 37 and z?
37
Let r be (96/4)/(5 - (-144)/(-30)). Calculate the highest common divisor of r and 30.
30
Let t be (-3 - -4) + 17 - 1. Let j(s) = 68*s. Let p be j(2). What is the greatest common divisor of t and p?
17
Let s(q) = q**2 - 4*q - 17. Let z be s(-3). Suppose z*r - 6*g - 106 = -4*g, 137 = 5*r - 4*g. Calculate the greatest common factor of 1 and r.
1
Let m(n) = n - 11. Let i be m(14). Suppose -5*g + 4*y = -g - 56, -38 = -i*g - y. Calculate the greatest common divisor of 26 and g.
13
Suppose -58 = -2*a - 4*r, 3*a - 16*r + 14*r = 71. Calculate the highest common factor of 20 and a.
5
Suppose 5*g - 274 = 101. Let z = -52 - -12. Let t be (z/(-6))/((-8)/(-36)). Calculate the highest common divisor of g and t.
15
Suppose d + 2 = -2, -5*r - 2*d - 3 = 0. Calculate the greatest common factor of 17 and r.
1
Suppose 4*o - 121 + 97 = 0. Calculate the highest common divisor of 222 and o.
6
Let a = -1558 - -2342. Calculate the greatest common factor of a and 245.
49
Suppose -55 = -7*f - 41. Calculate the highest common factor of f and 98.
2
Suppose 668 = 3*s + s - 4*k, -5*k + 341 = 2*s. Calculate the greatest common factor of 21 and s.
21
Let f = -348 + 355. Let o = -28 - -189. Calculate the greatest common factor of o and f.
7
Let p be 112/12*(-7)/(84/(-414)). What is the highest common divisor of 69 and p?
23
Suppose 2*x = 5*w - 855 - 639, 0 = -4*w + x + 1197. What is the greatest common divisor of w and 375?
75
Suppose 258*k - 262*k + 204 = 0. Calculate the greatest common factor of 663 and k.
51
Let z = 1076 + -880. What is the highest common factor of 1666 and z?
98
Let z = -5 + 10. Suppose -d + 2*d = -4*n + 32, -z*n + 110 = 3*d. Let i be (-6)/8 + (-67)/(-4). What is the greatest common factor of i and d?
8
Let h(f) = -4*f - 4*f**2 - 57 + 2*f + 56 - 2*f**2 + 7*f**3. Let d be h(3). What is the highest common divisor of d and 16?
16
Let t(x) = -x**3 + 2*x**2 + 2. Let g be t(2). Suppose -39*p + 54 = -33*p. Suppose 0 = 5*b - g*b - p. Calculate the highest common divisor of b and 3.
3
Let y(g) = 18*g**2 - 58*g + 372. Let o be y(7). What is the highest common factor of o and 16?
16
Let k(c) = -c**2 + 7*c + 1. Let i(a) = -4*a + 22. Let t be i(4). Let r be k(t). Let u = 13 + -6. What is the greatest common divisor of u and r?
7
Let v be -2 - (-2 + (-42 - 1)). Suppose -2*u = -4*p - 26, -4*u - 7*p = -3*p - 64. Let x = u - -200. What is the greatest common divisor of v and x?
43
Suppose c = 2*v - c - 504, 3*c = 2*v - 500. Calculate the highest common factor of 80 and v.
16
Suppose -3*r - 45 = -2*i + i, 0 = -5*i + r + 169. Suppose 7*g - 4*g = 3*c + i, -5*c = -5. Calculate the highest common divisor of g and 48.
12
Let l = -46 - -166. What is the greatest common divisor of 40 and l?
40
Suppose -40 = -d + o, -4*d + 3*d + 42 = o. Suppose -3*n + 22 = 5*j, -d = -2*n - 2*n + 5*j. What is the greatest common divisor of 9 and n?
9
Let p = 124 + -54. Let x be -10 + 7 + -2 + p. What is the greatest common divisor of 5 and x?
5
Let d(i) = i**2 + 3*i + 2. Let u(t) = -3*t**3 - 2*t + 7*t**3 - t**2 + t**2 + 1. Let x be u(1). Let l be d(x). What is the highest common divisor of l and 220?
20
Let m be 115/25 + 4/10. Suppose 0*t - 847 = -m*t - 4*v, 4*t + 2*v - 680 = 0. What is the greatest common factor of 19 and t?
19
Suppose 0 = 2*o + 5*j - 48 - 43, -5*o + 185 = 4*j. What is the highest common factor of o and 451?
11
Suppose -u + 3 + 9 = 2*p, 3*u - 12 = 0. Suppose p = -x + q, -q + 2 = -2*x - 3. Let z be ((-28)/(-3))/(x/(-3)). What is the greatest common divisor of 70 and z?
14
Suppose -4*v + 1868 = -4*r, -17*r + 14*r - 15 = 0. What is the greatest common divisor of v and 132?
66
Suppose 4*m + h = 179, -4*m - 2*h + 20 = -158. Let v(c) = -236*c - 3535. Let w be v(-15). What is the greatest common factor of m and w?
5
Let t be (3/(-5) - (-156)/(-15))/(-1). Suppose 3*r - 114 = 117. What is the greatest common factor of r and t?
11
Suppose -4*z - 569 + 73 = 0. Let j = -44 - z. Calculate the highest common factor of 20 and j.
20
Let x(h) = 6*h**2 + h. Let u be x(1). Let f = -99 - -175. Suppose -8*m = f - 356. Calculate the greatest common divisor of u and m.
7
Suppose z = -d + 169, -13*d + 5*z + 721 = -9*d. Calculate the highest common divisor of 6 and d.
6
Let w(u) = 5*u**2 - 11*u + 11. Suppose 26*p - 29*p = -15. Let x be w(p). Let z = -5 - -14. What is the highest common factor of z and x?
9
Let p be ((-8)/3)/4 - (-276)/9. Let h = 7 + -31. Let j be (18/h)/((-1)/8). What is the highest common factor of p and j?
6
Let q(f) = -14*f - 49. Let a be q(-4). What is the highest common divisor of 4 and a?
1
Let b be (-4)/6 - 874/(-69). Calculate the greatest common factor of 12 and b.
12
Let v = 2495 - 1741. What is the greatest common divisor of 116 and v?
58
Let q = -91 + 163. Suppose -4 = z - 16. Suppose -z = -3*p + q. Calculate the highest common divisor of 4 and p.
4
Let a be ((-9)/(-24))/(((-18)/(-16))/9). Suppose 48 = 3*w - a. What is the greatest common divisor of 68 and w?
17
Let w(f) = 2*f**2 - 49*f + 3. Let y be 3*5*(-3 - 56/(-12)). Let v be w(y). Let j be 6 - 1/((-2)/(-4)). Calculate the highest common factor of v and j.
4
Suppose 0*m - 2 = -m - 2*d, 3*m - 6 = 2*d. What is the greatest common factor of 56 and m?
2
Suppose 4*i + 0*i - l - 20 = 0, -5*i - l = -25. Suppose 0*q - 30 = -i*q. Let y be 52/q + 6/(-9). What is the greatest common factor of y and 20?
4
Let s(w) = -w**3 - 3*w**2 + 9*w + 1. Suppose 2*t + 2*y = -0*t - 16, -y - 18 = 3*t. Let n be s(t). What is the highest common divisor of 78 and n?
6
Suppose -2